{"version":"1.0","provider_name":"MEMORY OF NATIONS THEATRE","provider_url":"https:\/\/divadlo.pametnaroda.cz\/en","author_name":"Divadlo PN","author_url":"https:\/\/divadlo.pametnaroda.cz\/en\/author\/tamarapomoriski\/","title":"Mezigenera\u010dn\u00ed divadeln\u00ed d\u00edlna - Divadlo Pam\u011bti n\u00e1roda","type":"rich","width":600,"height":338,"html":"<blockquote class=\"wp-embedded-content\" data-secret=\"aEhsEBPjb2\"><a href=\"https:\/\/divadlo.pametnaroda.cz\/en\/2022\/10\/mezigeneracni-divadelni-dilna-pro-seniory-a-studenty\/\">Mezigenera\u010dn\u00ed divadeln\u00ed d\u00edlna<\/a><\/blockquote><iframe sandbox=\"allow-scripts\" security=\"restricted\" src=\"https:\/\/divadlo.pametnaroda.cz\/en\/2022\/10\/mezigeneracni-divadelni-dilna-pro-seniory-a-studenty\/embed\/#?secret=aEhsEBPjb2\" width=\"600\" height=\"338\" title=\"&#8220;Mezigenera\u010dn\u00ed divadeln\u00ed d\u00edlna&#8221; &#8212; Divadlo Pam\u011bti n\u00e1roda\" data-secret=\"aEhsEBPjb2\" frameborder=\"0\" marginwidth=\"0\" marginheight=\"0\" scrolling=\"no\" class=\"wp-embedded-content\"><\/iframe><script type=\"text\/javascript\">\n\/* <![CDATA[ *\/\n\/*! This file is auto-generated *\/\n!function(d,l){\"use strict\";l.querySelector&&d.addEventListener&&\"undefined\"!=typeof URL&&(d.wp=d.wp||{},d.wp.receiveEmbedMessage||(d.wp.receiveEmbedMessage=function(e){var t=e.data;if((t||t.secret||t.message||t.value)&&!\/[^a-zA-Z0-9]\/.test(t.secret)){for(var s,r,n,a=l.querySelectorAll('iframe[data-secret=\"'+t.secret+'\"]'),o=l.querySelectorAll('blockquote[data-secret=\"'+t.secret+'\"]'),c=new RegExp(\"^https?:$\",\"i\"),i=0;i<o.length;i++)o[i].style.display=\"none\";for(i=0;i<a.length;i++)s=a[i],e.source===s.contentWindow&&(s.removeAttribute(\"style\"),\"height\"===t.message?(1e3<(r=parseInt(t.value,10))?r=1e3:~~r<200&&(r=200),s.height=r):\"link\"===t.message&&(r=new URL(s.getAttribute(\"src\")),n=new URL(t.value),c.test(n.protocol))&&n.host===r.host&&l.activeElement===s&&(d.top.location.href=t.value))}},d.addEventListener(\"message\",d.wp.receiveEmbedMessage,!1),l.addEventListener(\"DOMContentLoaded\",function(){for(var e,t,s=l.querySelectorAll(\"iframe.wp-embedded-content\"),r=0;r<s.length;r++)(t=(e=s[r]).getAttribute(\"data-secret\"))||(t=Math.random().toString(36).substring(2,12),e.src+=\"#?secret=\"+t,e.setAttribute(\"data-secret\",t)),e.contentWindow.postMessage({message:\"ready\",secret:t},\"*\")},!1)))}(window,document);\n\/* ]]> *\/\n<\/script>","description":"28.-29.11.2022 Gymn\u00e1zium Pam\u011bti n\u00e1roda, Praha Divadlo Pam\u011bti n\u00e1roda po\u0159\u00e1d\u00e1 Mezigenera\u010dn\u00ed divadeln\u00ed d\u00edlnu pro \u00fa\u010dastn\u00edky star\u0161\u00ed\u00a055\u00a0let a studenty. T\u00e9matem je VZD\u011aL\u00c1V\u00c1N\u00cd a c\u00edlem spole\u010dn\u00e1 divadeln\u00ed tvorba, sd\u00edlen\u00ed postoj\u016f k t\u00e9matu a vzpom\u00ednek ze \u0161koly.\u00a0 Jak by podle v\u00e1s vypadala ide\u00e1ln\u00ed \u0161kola? Jak\u00fd byl nejd\u016fle\u017eit\u011bj\u0161\u00ed den ve va\u0161\u00ed \u0161kole? Studenti Gymn\u00e1zia Pam\u011bti n\u00e1roda a dosp\u011bl\u00ed \u00fa\u010dastn\u00edci budou spole\u010dn\u011b nal\u00e9zat odpov\u011bdi p\u0159i hereck\u00fdch hr\u00e1ch a sezn\u00e1m\u00ed se se z\u00e1klady dramaturgie a storytellingu. D\u00edlna bude prostorem pro sd\u00edlen\u00ed zku\u0161enost\u00ed a tak\u00e9 pro p\u0159\u00e1telsk\u00e9 setk\u00e1n\u00ed.\u00a0 Srde\u010dn\u011b zveme star\u0161\u00ed ro\u010dn\u00edky, kte\u0159\u00ed r\u00e1di tvo\u0159\u00ed, k \u00fa\u010dasti na na\u0161\u00ed d\u00edln\u011b.\u00a0Mohou se k n\u00e1m p\u0159idat 28.11. od 13.30 &#8211; 16.30 [&hellip;]","thumbnail_url":"https:\/\/divadlo.pametnaroda.cz\/media\/sites\/3\/2022\/10\/20211111_3488-scaled.jpg","thumbnail_width":2560,"thumbnail_height":1707}

Mezigenerační divadelní dílna - Divadlo Paměti národa

<blockquote class="wp-embedded-content" data-secret="aEhsEBPjb2"><a href="https://divadlo.pametnaroda.cz/en/2022/10/mezigeneracni-divadelni-dilna-pro-seniory-a-studenty/">Mezigenerační divadelní dílna</a></blockquote><iframe sandbox="allow-scripts" security="restricted" src="https://divadlo.pametnaroda.cz/en/2022/10/mezigeneracni-divadelni-dilna-pro-seniory-a-studenty/embed/#?secret=aEhsEBPjb2" width="600" height="338" title="&#8220;Mezigenerační divadelní dílna&#8221; &#8212; Divadlo Paměti národa" data-secret="aEhsEBPjb2" frameborder="0" marginwidth="0" marginheight="0" scrolling="no" class="wp-embedded-content"></iframe><script type="text/javascript">
/* <![CDATA[ */
/*! This file is auto-generated */
!function(d,l){"use strict";l.querySelector&&d.addEventListener&&"undefined"!=typeof URL&&(d.wp=d.wp||{},d.wp.receiveEmbedMessage||(d.wp.receiveEmbedMessage=function(e){var t=e.data;if((t||t.secret||t.message||t.value)&&!/[^a-zA-Z0-9]/.test(t.secret)){for(var s,r,n,a=l.querySelectorAll('iframe[data-secret="'+t.secret+'"]'),o=l.querySelectorAll('blockquote[data-secret="'+t.secret+'"]'),c=new RegExp("^https?:$","i"),i=0;i<o.length;i++)o[i].style.display="none";for(i=0;i<a.length;i++)s=a[i],e.source===s.contentWindow&&(s.removeAttribute("style"),"height"===t.message?(1e3<(r=parseInt(t.value,10))?r=1e3:~~r<200&&(r=200),s.height=r):"link"===t.message&&(r=new URL(s.getAttribute("src")),n=new URL(t.value),c.test(n.protocol))&&n.host===r.host&&l.activeElement===s&&(d.top.location.href=t.value))}},d.addEventListener("message",d.wp.receiveEmbedMessage,!1),l.addEventListener("DOMContentLoaded",function(){for(var e,t,s=l.querySelectorAll("iframe.wp-embedded-content"),r=0;r<s.length;r++)(t=(e=s[r]).getAttribute("data-secret"))||(t=Math.random().toString(36).substring(2,12),e.src+="#?secret="+t,e.setAttribute("data-secret",t)),e.contentWindow.postMessage({message:"ready",secret:t},"*")},!1)))}(window,document);
/* ]]> */
</script>

28.-29.11.2022 Gymnázium Paměti národa, Praha Divadlo Paměti národa pořádá Mezigenerační divadelní dílnu pro účastníky starší 55 let a studenty. Tématem je VZDĚLÁVÁNÍ a cílem společná divadelní tvorba, sdílení postojů k tématu a vzpomínek ze školy.  Jak by podle vás vypadala ideální škola? Jaký byl nejdůležitější den ve vaší škole? Studenti Gymnázia Paměti národa a dospělí účastníci budou společně nalézat odpovědi při hereckých hrách a seznámí se se základy dramaturgie a storytellingu. Dílna bude prostorem pro sdílení zkušeností a také pro přátelské setkání.  Srdečně zveme starší ročníky, kteří rádi tvoří, k účasti na naší dílně. Mohou se k nám přidat 28.11. od 13.30 &#8211; 16.30 [&hellip;]
