{"version":"1.0","provider_name":"MEMORY OF NATIONS THEATRE","provider_url":"https:\/\/divadlo.pametnaroda.cz\/en","author_name":"Divadlo PN","author_url":"https:\/\/divadlo.pametnaroda.cz\/en\/author\/tamarapomoriski\/","title":"Letn\u00ed divadeln\u00ed d\u00edlny 2023 - Divadlo Pam\u011bti n\u00e1roda","type":"rich","width":600,"height":338,"html":"<blockquote class=\"wp-embedded-content\" data-secret=\"2UzRH6ytLb\"><a href=\"https:\/\/divadlo.pametnaroda.cz\/en\/2023\/03\/prihlasky-na-letni-divadelni-dilny-2023-najdete-zde\/\">Letn\u00ed divadeln\u00ed d\u00edlny 2023<\/a><\/blockquote><iframe sandbox=\"allow-scripts\" security=\"restricted\" src=\"https:\/\/divadlo.pametnaroda.cz\/en\/2023\/03\/prihlasky-na-letni-divadelni-dilny-2023-najdete-zde\/embed\/#?secret=2UzRH6ytLb\" width=\"600\" height=\"338\" title=\"&#8220;Letn\u00ed divadeln\u00ed d\u00edlny 2023&#8221; &#8212; Divadlo Pam\u011bti n\u00e1roda\" data-secret=\"2UzRH6ytLb\" frameborder=\"0\" marginwidth=\"0\" marginheight=\"0\" scrolling=\"no\" class=\"wp-embedded-content\"><\/iframe><script type=\"text\/javascript\">\n\/* <![CDATA[ *\/\n\/*! This file is auto-generated *\/\n!function(d,l){\"use strict\";l.querySelector&&d.addEventListener&&\"undefined\"!=typeof URL&&(d.wp=d.wp||{},d.wp.receiveEmbedMessage||(d.wp.receiveEmbedMessage=function(e){var t=e.data;if((t||t.secret||t.message||t.value)&&!\/[^a-zA-Z0-9]\/.test(t.secret)){for(var s,r,n,a=l.querySelectorAll('iframe[data-secret=\"'+t.secret+'\"]'),o=l.querySelectorAll('blockquote[data-secret=\"'+t.secret+'\"]'),c=new RegExp(\"^https?:$\",\"i\"),i=0;i<o.length;i++)o[i].style.display=\"none\";for(i=0;i<a.length;i++)s=a[i],e.source===s.contentWindow&&(s.removeAttribute(\"style\"),\"height\"===t.message?(1e3<(r=parseInt(t.value,10))?r=1e3:~~r<200&&(r=200),s.height=r):\"link\"===t.message&&(r=new URL(s.getAttribute(\"src\")),n=new URL(t.value),c.test(n.protocol))&&n.host===r.host&&l.activeElement===s&&(d.top.location.href=t.value))}},d.addEventListener(\"message\",d.wp.receiveEmbedMessage,!1),l.addEventListener(\"DOMContentLoaded\",function(){for(var e,t,s=l.querySelectorAll(\"iframe.wp-embedded-content\"),r=0;r<s.length;r++)(t=(e=s[r]).getAttribute(\"data-secret\"))||(t=Math.random().toString(36).substring(2,12),e.src+=\"#?secret=\"+t,e.setAttribute(\"data-secret\",t)),e.contentWindow.postMessage({message:\"ready\",secret:t},\"*\")},!1)))}(window,document);\n\/* ]]> *\/\n<\/script>","description":"20. 3. 2023 I letos po\u0159\u00e1d\u00e1me letn\u00ed divadeln\u00ed d\u00edlny a tentokr\u00e1t budou spojen\u00e9 s oslavami st\u00e9ho v\u00fdro\u010d\u00ed \u010cesk\u00e9ho rozhlasu. R\u00e1di V\u00e1s na n\u011b zveme. Poj\u010fme spole\u010dn\u011b o\u017eivit rozhlasov\u00e9 p\u0159\u00edb\u011bhy. Jeho redakto\u0159i zaznamen\u00e1vali a reflektovali d\u016fle\u017eit\u00e9 mezn\u00edky na\u0161ich modern\u00edch d\u011bjin. Kdo se p\u0159id\u00e1, nahl\u00e9dne do rozmanit\u00fdch rozhlasov\u00fdch povol\u00e1n\u00ed, ocitne se v \u010dase d\u016fle\u017eit\u00fdch historick\u00fdch moment\u016f, inspiruje se p\u0159\u00edb\u011bhy pam\u011btn\u00edk\u016f, nato\u010d\u00ed rozhlasov\u00fd ske\u010d \u010di podcast a v\u0161e nakonec spole\u010dn\u011b s lektory zapracuje do divadeln\u00edho tvaru. Hl\u00e1sit se m\u016f\u017eete ZDE. V\u00edtan\u00e9 jsou rovn\u011b\u017e d\u011bti z Ukrajiny (bez nutnosti platit kurzovn\u00e9). Podm\u00ednkou je v\u0161ak z\u00e1kladn\u00ed znalost \u010desk\u00e9ho jazyka. D\u00edlnu v centru Prahy nab\u00edz\u00edme ve t\u0159ech [&hellip;]","thumbnail_url":"https:\/\/divadlo.pametnaroda.cz\/media\/sites\/3\/2022\/11\/logo-cernobila-varianta-JPG.jpeg","thumbnail_width":1920,"thumbnail_height":1048}

Letní divadelní dílny 2023 - Divadlo Paměti národa

<blockquote class="wp-embedded-content" data-secret="2UzRH6ytLb"><a href="https://divadlo.pametnaroda.cz/en/2023/03/prihlasky-na-letni-divadelni-dilny-2023-najdete-zde/">Letní divadelní dílny 2023</a></blockquote><iframe sandbox="allow-scripts" security="restricted" src="https://divadlo.pametnaroda.cz/en/2023/03/prihlasky-na-letni-divadelni-dilny-2023-najdete-zde/embed/#?secret=2UzRH6ytLb" width="600" height="338" title="&#8220;Letní divadelní dílny 2023&#8221; &#8212; Divadlo Paměti národa" data-secret="2UzRH6ytLb" frameborder="0" marginwidth="0" marginheight="0" scrolling="no" class="wp-embedded-content"></iframe><script type="text/javascript">
/* <![CDATA[ */
/*! This file is auto-generated */
!function(d,l){"use strict";l.querySelector&&d.addEventListener&&"undefined"!=typeof URL&&(d.wp=d.wp||{},d.wp.receiveEmbedMessage||(d.wp.receiveEmbedMessage=function(e){var t=e.data;if((t||t.secret||t.message||t.value)&&!/[^a-zA-Z0-9]/.test(t.secret)){for(var s,r,n,a=l.querySelectorAll('iframe[data-secret="'+t.secret+'"]'),o=l.querySelectorAll('blockquote[data-secret="'+t.secret+'"]'),c=new RegExp("^https?:$","i"),i=0;i<o.length;i++)o[i].style.display="none";for(i=0;i<a.length;i++)s=a[i],e.source===s.contentWindow&&(s.removeAttribute("style"),"height"===t.message?(1e3<(r=parseInt(t.value,10))?r=1e3:~~r<200&&(r=200),s.height=r):"link"===t.message&&(r=new URL(s.getAttribute("src")),n=new URL(t.value),c.test(n.protocol))&&n.host===r.host&&l.activeElement===s&&(d.top.location.href=t.value))}},d.addEventListener("message",d.wp.receiveEmbedMessage,!1),l.addEventListener("DOMContentLoaded",function(){for(var e,t,s=l.querySelectorAll("iframe.wp-embedded-content"),r=0;r<s.length;r++)(t=(e=s[r]).getAttribute("data-secret"))||(t=Math.random().toString(36).substring(2,12),e.src+="#?secret="+t,e.setAttribute("data-secret",t)),e.contentWindow.postMessage({message:"ready",secret:t},"*")},!1)))}(window,document);
/* ]]> */
</script>

20. 3. 2023 I letos pořádáme letní divadelní dílny a tentokrát budou spojené s oslavami stého výročí Českého rozhlasu. Rádi Vás na ně zveme. Pojďme společně oživit rozhlasové příběhy. Jeho redaktoři zaznamenávali a reflektovali důležité mezníky našich moderních dějin. Kdo se přidá, nahlédne do rozmanitých rozhlasových povolání, ocitne se v čase důležitých historických momentů, inspiruje se příběhy pamětníků, natočí rozhlasový skeč či podcast a vše nakonec společně s lektory zapracuje do divadelního tvaru. Hlásit se můžete ZDE. Vítané jsou rovněž děti z Ukrajiny (bez nutnosti platit kurzovné). Podmínkou je však základní znalost českého jazyka. Dílnu v centru Prahy nabízíme ve třech [&hellip;]
